the remainder when 46520 is divided by 213?
86
What is the remainder when 3314 is divided by 407?
58
Calculate the remainder when 301805 is divided by 43.
31
Calculate the remainder when 66404 is divided by 95.
94
Calculate the remainder when 13070 is divided by 50.
20
What is the remainder when 319 is divided by 278?
41
What is the remainder when 65138 is divided by 2832?
2
What is the remainder when 8355 is divided by 21?
18
What is the remainder when 1177 is divided by 508?
161
What is the remainder when 184976 is divided by 16?
0
What is the remainder when 3152 is divided by 28?
16
What is the remainder when 47249 is divided by 47207?
42
What is the remainder when 8184 is divided by 8171?
13
Calculate the remainder when 921464 is divided by 51.
47
Calculate the remainder when 13732 is divided by 443.
442
Calculate the remainder when 3472 is divided by 507.
430
Calculate the remainder when 2502 is divided by 578.
190
What is the remainder when 32611 is divided by 2813?
1668
Calculate the remainder when 131279 is divided by 2734.
47
Calculate the remainder when 3506 is divided by 1504.
498
Calculate the remainder when 1628 is divided by 333.
296
What is the remainder when 321 is divided by 64?
1
Calculate the remainder when 100707 is divided by 34.
33
What is the remainder when 82269 is divided by 38?
37
What is the remainder when 1255 is divided by 618?
19
Calculate the remainder when 1247 is divided by 440.
367
What is the remainder when 133073 is divided by 3696?
17
What is the remainder when 136316 is divided by 88?
4
Calculate the remainder when 45399 is divided by 744.
15
Calculate the remainder when 3064 is divided by 179.
21
What is the remainder when 174416 is divided by 550?
66
What is the remainder when 68504 is divided by 902?
854
Calculate the remainder when 11079 is divided by 104.
55
What is the remainder when 14585 is divided by 135?
5
Calculate the remainder when 5269 is divided by 305.
84
Calculate the remainder when 2050 is divided by 565.
355
What is the remainder when 17482 is divided by 8736?
10
What is the remainder when 117074 is divided by 15?
14
Calculate the remainder when 2114 is divided by 263.
10
Calculate the remainder when 112349 is divided by 298.
3
Calculate the remainder when 199571 is divided by 39888.
131
What is the remainder when 12251 is divided by 395?
6
Calculate the remainder when 1077120 is divided by 24.
0
Calculate the remainder when 278199 is divided by 576.
567
What is the remainder when 313314 is divided by 31?
28
Calculate the remainder when 2636 is divided by 588.
284
Calculate the remainder when 58978 is divided by 223.
106
Calculate the remainder when 23531 is divided by 380.
351
What is the remainder when 3867 is divided by 649?
622
What is the remainder when 11474 is divided by 52?
34
What is the remainder when 356282 is divided by 161?
150
What is the remainder when 173122 is divided by 28?
26
Calculate the remainder when 1151907 is divided by 157.
155
Calculate the remainder when 497 is divided by 282.
215
What is the remainder when 755377 is divided by 32?
17
Calculate the remainder when 65593 is divided by 76.
5
What is the remainder when 3520 is divided by 866?
56
What is the remainder when 389773 is divided by 23?
15
Calculate the remainder when 2924 is divided by 583.
9
Calculate the remainder when 321760 is divided by 53625.
10
Calculate the remainder when 9754 is divided by 219.
118
Calculate the remainder when 1844 is divided by 803.
238
What is the remainder when 117057 is divided by 320?
257
What is the remainder when 91908 is divided by 18373?
43
Calculate the remainder when 29934 is divided by 205.
4
Calculate the remainder when 4666 is divided by 37.
4
Calculate the remainder when 1157359 is divided by 740.
739
What is the remainder when 13842 is divided by 925?
892
What is the remainder when 409442 is divided by 136479?
5
Calculate the remainder when 9843 is divided by 2410.
203
What is the remainder when 49106 is divided by 176?
2
What is the remainder when 10144 is divided by 31?
7
Calculate the remainder when 32811 is divided by 157.
155
Calculate the remainder when 10592 is divided by 5284.
24
What is the remainder when 172590 is divided by 6163?
26
Calculate the remainder when 2753764 is divided by 45.
34
Calculate the remainder when 3853 is divided by 320.
13
Calculate the remainder when 5646 is divided by 227.
198
Calculate the remainder when 18732 is divided by 131.
130
What is the remainder when 134457 is divided by 269?
226
What is the remainder when 176 is divided by 32?
16
What is the remainder when 111751 is divided by 28?
3
Calculate the remainder when 294707 is divided by 164.
163
What is the remainder when 18900 is divided by 36?
0
Calculate the remainder when 23321 is divided by 107.
102
What is the remainder when 13927 is divided by 631?
45
Calculate the remainder when 21419 is divided by 90.
89
What is the remainder when 47813 is divided by 278?
275
What is the remainder when 13597 is divided by 1203?
364
Calculate the remainder when 4458 is divided by 343.
342
Calculate the remainder when 112904 is divided by 3136.
8
What is the remainder when 15997 is divided by 243?
202
Calculate the remainder when 2845 is divided by 903.
136
What is the remainder when 1898 is divided by 108?
62
What is the remainder when 13506 is divided by 2675?
131
What is the remainder when 33249 is divided by 17?
14
Calculate the remainder when 2757 is divided by 1138.
481
What is the remainder when 126783 is divided by 107?
95
What is the remainder when 1425 is divided by 399?
228
What is the remainder when 66243 is divided by 582?
477
What is the remainder when 4795 is divided by 4779?
16
What is the remainder when 3687 is divided by 632?
527
What is the remainder when 25577 is divided by 574?
321
Calculate the remainder when 4677 is divided by 336.
309
Calculate the remainder when 61755 is divided by 18.
15
What is the remainder when 249389 is divided by 249378?
11
Calculate the remainder when 46577 is divided by 605.
597
What is the remainder when 38263 is divided by 49?
43
Calculate the remainder when 15232 is divided by 5074.
10
What is the remainder when 37375 is divided by 1557?
7
Calculate the remainder when 27854 is divided by 4640.
14
What is the remainder when 10665 is divided by 5312?
41
Calculate the remainder when 3880 is divided by 239.
56
Calculate the remainder when 12176 is divided by 315.
206
Calculate the remainder when 50027 is divided by 90.
77
Calculate the remainder when 123666 is divided by 151.
148
Calculate the remainder when 368457 is divided by 90.
87
What is the remainder when 6675074 is divided by 134?
132
What is the remainder when 82861 is divided by 5?
1
Calculate the remainder when 669886 is divided by 6035.
1
Calculate the remainder when 122301 is divided by 64.
61
What is the remainder when 37078 is divided by 103?
101
Calculate the remainder when 326974 is divided by 55.
54
What is the remainder when 133231 is divided by 44404?
19
Calculate the remainder when 15762 is divided by 19.
11
What is the remainder when 57659 is divided by 465?
464
Calculate the remainder when 122776 is divided by 22.
16
Calculate the remainder when 17190 is divided by 7.
5
What is the remainder when 1360 is divided by 1356?
4
Calculate the remainder when 44558 is divided by 153.
35
Calculate the remainder when 68313 is divided by 9757.
14
Calculate the remainder when 418198 is divided by 510.
508
What is the remainder when 570 is divided by 385?
185
Calculate the remainder when 86855 is divided by 4825.
5
Calculate the remainder when 1601 is divided by 16.
1
What is the remainder when 2996 is divided by 645?
416
What is the remainder when 44951 is divided by 169?
166
What is the remainder when 4366 is divided by 722?
34
Calculate the remainder when 190192 is divided by 29.
10
What is the remainder when 194339 is divided by 41?
40
Calculate the remainder when 283653 is divided by 318.
315
Calculate the remainder when 382631 is divided by 99.
95
Calculate the remainder when 18351 is divided by 52.
47
What is the remainder when 194489 is divided by 84?
29
What is the remainder when 41041 is divided by 6832?
49
Calculate the remainder when 31038 is divided by 2.
